t the prime factors of (-19)/h - 2017/(-9).
2, 7
Let z(x) = -5*x. Let r(n) = 4*n - 1. Let f(j) = -6*r(j) - 5*z(j). Let w(m) = -1. Let u(c) = -f(c) - 3*w(c). What are the prime factors of u(-8)?
5
Let x = 46 + -1. List the prime factors of 27/x + 2814/10.
2, 3, 47
Let k be (9 - 2)*(1 + 2). Let d = -5 + k. List the prime factors of d.
2
Suppose 2*w - 30 = w. Suppose -2*b - 5*q = -b - w, -3*b + 101 = 4*q. Let k = -19 + b. What are the prime factors of k?
2
Let v(y) = y**3 + 10*y**2 - 12*y - 12. Let f be v(-11). What are the prime factors of (-78)/(-26) - (f - 95)?
3, 11
Suppose 36973 = 26*p - 39103. List the prime factors of p.
2, 7, 11, 19
Let w(d) = d**2 + 5*d + 3. Let r be w(4). Suppose -3*f - r = -4*x, -5*f - 19 = 2*x - x. Suppose 4*o = -2*m + o + 73, 2*o = x. What are the prime factors of m?
2
Let f = -109 + 107. Let j(z) = -113*z - 6. What are the prime factors of j(f)?
2, 5, 11
Let x = -78 - -15. Let a = 115 + x. What are the prime factors of a?
2, 13
Suppose 12*l = -0*l + 24. Suppose 0 = -3*g - 9, -2*f - l*g - 2*g = -402. What are the prime factors of f?
3, 23
Let n(p) = 27*p**2 - 10*p - 27. List the prime factors of n(-4).
5, 89
Suppose -5*n + 496 - 56 = 0. Suppose -3*q - 2*s + 134 = -3*s, -n = -2*q + s. What are the prime factors of q?
2, 23
Let k(o) = 3*o**2 + 13*o - 27. Let b be k(-12). Suppose 3*h - b = -9*g + 10*g, 15 = -5*g. What are the prime factors of h?
2, 41
Suppose -262664 = -45*y - 76499. List the prime factors of y.
3, 7, 197
Let j(n) = n**3 - 7*n**2 + 10*n - 9. Let o be j(6). Let i = 28 - o. Let t = i - 1. List the prime factors of t.
2, 3
Let b(q) = -43*q + 76*q + q**2 - 37*q - 12. Let c = 3 - 8. List the prime factors of b(c).
3, 11
List the prime factors of (0/(2 + 0))/2 - -527.
17, 31
Suppose 3*g = -b + 546, -3*b = -5*g + 550 + 360. List the prime factors of g.
2, 7, 13
Suppose -20*m + 26960 = -0*m. What are the prime factors of m?
2, 337
Let z(u) = u**3 - 20*u**2 - 20*u + 74. List the prime factors of z(22).
2, 7, 43
Let g(o) = o**2 - 1. Let w(x) = -4*x**2 + 2*x - 6. Let y(q) = -2*g(q) - w(q). What are the prime factors of y(7)?
2, 23
Let m be (44/(-16))/((-3)/(-12)). Let y = 22 - m. List the prime factors of y.
3, 11
Suppose 2*t = 3*p - 3*t + 13, p + t - 9 = 0. Suppose 2*f + 44 = h + 201, 0 = -p*f - 4*h + 320. What are the prime factors of f?
79
Let y = 67 + -44. Suppose 20*v = y*v - 117. What are the prime factors of v?
3, 13
Suppose -620 = -p + 258. What are the prime factors of p?
2, 439
Let m = 86 + -80. What are the prime factors of ((-39)/(-7) - m) + 66/7?
3
Suppose 4*o = -4*k + 2*k - 4, -k - 5*o - 2 = 0. Let t(c) = -c**3 - c**2 - 2*c - 2. Let q be t(k). Suppose a - 13 + q = 0. What are the prime factors of a?
7
Suppose c - 8 = 5*l, 0 = c + 2*c + 3*l + 12. Let p be 2/4*0/c. Suppose -3*n = i - 10 - 13, p = 4*i - 3*n - 77. What are the prime factors of i?
2, 5
Let t(z) = 3*z**3 + 110*z**2 + 30*z - 116. List the prime factors of t(-36).
2, 349
Let i(h) = h**3 + h**2 + 7*h - 8. Let s(f) = -2*f**3 - 3*f**2 - 15*f + 17. Let c(y) = 9*i(y) + 4*s(y). Let r = 2 - -2. List the prime factors of c(r).
2, 3
Suppose -10 = -2*t + t. Let i = 52 - t. What are the prime factors of i?
2, 3, 7
Let c(z) = -6*z - 14. Let x(o) = o - 2. Let l(y) = 2*c(y) - 22*x(y). List the prime factors of l(-4).
2, 19
Let g be (273/6)/((-3)/(-6)). Suppose -4*l = -l - 15. Suppose 4*z + 5*f = 141, 3*z = -z + l*f + g. What are the prime factors of z?
29
Let i = 1 - -9. Suppose i*f = 5*f + 385. What are the prime factors of f?
7, 11
Suppose -4*c = -3*d - 17, -1 = 2*c - 7*c - 3*d. Suppose -5*o + 23 = -c. Suppose q = -g + 6, -3*g = o*q - 6 - 8. List the prime factors of g.
2
Let w(u) be the first derivative of -u**3/3 + 15*u**2/2 + 12*u - 36. List the prime factors of w(15).
2, 3
Let h = -605 - -1184. Suppose 3*r - h = -0*r. What are the prime factors of r?
193
Let x be 0 + -1 + 6/2. Suppose 0 = 2*y - x, -4*w + 185 = -3*y. List the prime factors of w.
47
Let g(u) = u**3 - 10*u**2 + 12*u - 4. Let z = -6 - -15. Let f be g(z). Let r = f - -4. What are the prime factors of r?
3
Suppose -15 = 3*t, -3*t - 3761 - 2170 = -2*l. List the prime factors of l.
2, 3, 17, 29
Suppose i - 1 = -3*a + 4, -6 = 3*a. Suppose -3*q = 3*p - 115 - i, -4*p + 158 = -q. List the prime factors of ((-224)/p)/(4/(-10)).
2, 7
Let c(w) = 9*w**2 + 5*w + 5. Let m be c(-2). Let p = -24 + m. Suppose b - p = -2. List the prime factors of b.
5
Let j be (-2 - -14)/(1/6). Suppose 4*v - 122 = -5*o, 0*v - 3*v + j = 3*o. What are the prime factors of o?
2, 13
Let p(j) be the third derivative of j**6/180 - j**5/60 + j**4/4 + j**3/2 - 3*j**2. Let k(s) be the first derivative of p(s). List the prime factors of k(-3).
2, 3, 5
Let q(v) = v**2 + 4*v + 7. Let c be q(-7). Suppose 4*j = -2*r + 3*r + 12, 4*r - c = -3*j. Suppose j*l - 22 - 38 = 0. What are the prime factors of l?
3, 5
Suppose 4*n - 984 = -c, 5*c = -n + 4990 - 13. What are the prime factors of c?
2, 3, 83
Suppose -3*o + 47 = 2*r, -5*o + 33 = 5*r - 72. Suppose -22*b = -r*b - 516. List the prime factors of b.
2, 43
Suppose 5*v + 3*p + 132 = 2*p, 4*v + 112 = -4*p. What are the prime factors of (-70)/(-455) - 6210/v?
239
Suppose 0*d + 15 = -3*d, 3*t + d - 55 = 0. Let c be (-99)/6 - (-2)/4 - 2. Let r = c + t. List the prime factors of r.
2
Let s = -2 - -6. Let f(m) = -6*m + 0*m + 0*m + 1 + s*m. List the prime factors of f(-12).
5
Let o(k) = 9*k**2 - 3*k + 3. Suppose 3*f = 2 + 7. Let j = f - 1. What are the prime factors of o(j)?
3, 11
Let p(n) = 356*n - 7. Let l be p(-2). Let d = l - -1029. List the prime factors of d.
2, 5, 31
List the prime factors of (16434/(-55))/(6/(-15)).
3, 83
Let c(q) = -7*q + 2 + q**3 - 3 + q + 3. List the prime factors of c(4).
2, 3, 7
Let x(k) = -k - 98. Suppose 0 = -0*f + 3*f. Let d be x(f). Let r = -70 - d. What are the prime factors of r?
2, 7
Suppose 29*l = -32*l + 182634. List the prime factors of l.
2, 3, 499
Let w = 815 - -2301. List the prime factors of w.
2, 19, 41
Suppose 61*g - 68*g + 1484 = 0. What are the prime factors of g?
2, 53
Let a = 0 + 8. Let u(q) = q**3 - 5*q**2 - 4*q - 1. Let k be u(6). Let w = k - a. List the prime factors of w.
3
Let n = 292 - 36. Let y = -128 + n. List the prime factors of y.
2
Let v(b) = b**2 + 2*b - 5. Let z be v(-4). Suppose -17*u + 6200 = z*u. What are the prime factors of u?
2, 5, 31
Let w = -2 + 4. Suppose -6*s + 4*o = -w*s - 956, -s + 4*o + 230 = 0. What are the prime factors of s?
2, 11
Let n be (-6)/9 - (-44)/36*3. Suppose -10 = -4*c + 2*q, -c = -0*c + 5*q - 19. Suppose -c*z = -n*z - 5. List the prime factors of z.
5
Let l(g) = 48*g**2 - 39*g + 83. List the prime factors of l(7).
2, 23, 47
Suppose 8*i + 15957 = 17*i. List the prime factors of i.
3, 197
Let q(l) = 3*l - 8. Let m be q(4). Suppose x - 20 = -m*x. List the prime factors of x.
2
Suppose 0 = -5*n + 2*n + 72. Suppose -n - 98 = -2*i. What are the prime factors of i?
61
Let v = 58 + -82. Let c be 2/(-4) - v/16. List the prime factors of (-10 - -7) + (c - -10).
2
Suppose 0 = -19*y - 0*y + 4940. List the prime factors of y.
2, 5, 13
Let h = 1653 - 1109. What are the prime factors of h?
2, 17
Suppose -22*g + 20*g = 6. List the prime factors of 14 - g - (0 - (0 + 0)).
17
Suppose -2*p = -0*p - 4. Let b = 111 - p. List the prime factors of b.
109
Let u = -807 + 2054. What are the prime factors of u?
29, 43
Let m be -24*((-7)/2 - 4*-1). Let c(t) = -4*t - 8. Let r be c(-6). Let g = r + m. List the prime factors of g.
2
Suppose -5*u + 11 = 4*c - 0, 5*c - 22 = 2*u. Suppose 13*t = c*t + 891. What are the prime factors of t?
3, 11
Let b(h) = -19*h - 5. Let t(q) = 38*q + 10. Let p(s) = 14*b(s) + 6*t(s). List the prime factors of p(-4).
2, 71
Let m = -89 + 157. Suppose m = -0*v + 2*v. What are the prime factors of v?
2, 17
Suppose 4434 = -29*x + 39495. List the prime factors of x.
3, 13, 31
Let q(v) be the first derivative of 1/3*v**3 - 4 - 9/2*v**2 - 15*v. List the prime factors of q(11).
7
Let d(t) be the first derivative of 19*t**2/2 + 3*t + 100. Suppose -5*w + 2*w + 6 = 0. What are the prime factors of d(w)?
41
Let q(k) = -1046*k + 7. What are the prime factors of q(-3)?
5, 17, 37
Suppose 0 = 3*m - 0*j + 4*j - 4, -5 = -m - 5*j. Let h(p) = m*p + 6*p - 5*p + 6 + 0*p. What are the prime factors of h(5)?
11
Let w(v) = 2 + 62